 prime factors of 62954.
2, 31477
List the prime factors of 8181.
3, 101
What are the prime factors of 106561?
7, 13, 1171
List the prime factors of 3546.
2, 3, 197
List the prime factors of 1809.
3, 67
List the prime factors of 10473.
3, 3491
What are the prime factors of 8095?
5, 1619
List the prime factors of 1709.
1709
What are the prime factors of 19934?
2, 9967
What are the prime factors of 456?
2, 3, 19
What are the prime factors of 1517?
37, 41
What are the prime factors of 2398?
2, 11, 109
List the prime factors of 62969.
62969
List the prime factors of 2057.
11, 17
What are the prime factors of 97571?
97571
What are the prime factors of 5176?
2, 647
List the prime factors of 4691.
4691
What are the prime factors of 12630?
2, 3, 5, 421
List the prime factors of 1649.
17, 97
What are the prime factors of 190927?
11, 17, 1021
What are the prime factors of 12411?
3, 7, 197
What are the prime factors of 2238?
2, 3, 373
List the prime factors of 24097.
24097
List the prime factors of 41195.
5, 7, 11, 107
What are the prime factors of 43554?
2, 3, 7, 17, 61
What are the prime factors of 27850?
2, 5, 557
List the prime factors of 2789.
2789
List the prime factors of 11883.
3, 17, 233
What are the prime factors of 133055?
5, 13, 23, 89
What are the prime factors of 61157?
23, 2659
List the prime factors of 12540.
2, 3, 5, 11, 19
What are the prime factors of 2953?
2953
What are the prime factors of 36154?
2, 18077
What are the prime factors of 563?
563
What are the prime factors of 15116?
2, 3779
What are the prime factors of 8763?
3, 23, 127
What are the prime factors of 89?
89
What are the prime factors of 794?
2, 397
What are the prime factors of 54113?
53, 1021
What are the prime factors of 32400?
2, 3, 5
What are the prime factors of 134459?
13, 10343
What are the prime factors of 4099?
4099
List the prime factors of 839.
839
List the prime factors of 2768.
2, 173
List the prime factors of 777.
3, 7, 37
What are the prime factors of 15290?
2, 5, 11, 139
List the prime factors of 10949.
10949
What are the prime factors of 7248?
2, 3, 151
What are the prime factors of 8112?
2, 3, 13
What are the prime factors of 2476?
2, 619
List the prime factors of 30183.
3, 10061
What are the prime factors of 18108?
2, 3, 503
List the prime factors of 79787.
23, 3469
List the prime factors of 2580.
2, 3, 5, 43
What are the prime factors of 2116?
2, 23
List the prime factors of 7968.
2, 3, 83
List the prime factors of 28087.
28087
List the prime factors of 9344.
2, 73
What are the prime factors of 345?
3, 5, 23
What are the prime factors of 5311?
47, 113
What are the prime factors of 33?
3, 11
What are the prime factors of 2469?
3, 823
List the prime factors of 3805.
5, 761
List the prime factors of 10643.
29, 367
What are the prime factors of 2014?
2, 19, 53
List the prime factors of 2143.
2143
List the prime factors of 19798.
2, 19, 521
List the prime factors of 96.
2, 3
What are the prime factors of 3060?
2, 3, 5, 17
List the prime factors of 5498.
2, 2749
List the prime factors of 8839.
8839
List the prime factors of 91484.
2, 22871
List the prime factors of 16984.
2, 11, 193
List the prime factors of 1271.
31, 41
What are the prime factors of 639?
3, 71
What are the prime factors of 1201?
1201
List the prime factors of 1090.
2, 5, 109
List the prime factors of 8352.
2, 3, 29
What are the prime factors of 3098?
2, 1549
List the prime factors of 24.
2, 3
List the prime factors of 1214.
2, 607
What are the prime factors of 71593?
71593
What are the prime factors of 14390?
2, 5, 1439
List the prime factors of 51871.
51871
List the prime factors of 48203.
19, 43, 59
What are the prime factors of 1025?
5, 41
List the prime factors of 16932.
2, 3, 17, 83
List the prime factors of 1708.
2, 7, 61
List the prime factors of 820.
2, 5, 41
What are the prime factors of 121?
11
What are the prime factors of 2652?
2, 3, 13, 17
List the prime factors of 10866.
2, 3, 1811
What are the prime factors of 2724?
2, 3, 227
List the prime factors of 67.
67
What are the prime factors of 56565?
3, 5, 419
List the prime factors of 15137.
15137
What are the prime factors of 5135?
5, 13, 79
What are the prime factors of 25978?
2, 31, 419
What are the prime factors of 12529?
11, 17, 67
What are the prime factors of 14401?
14401
What are the prime factors of 19555?
5, 3911
List the prime factors of 292.
2, 73
List the prime factors of 7578.
2, 3, 421
List the prime factors of 40534.
2, 13, 1559
List the prime factors of 1069.
1069
List the prime factors of 651.
3, 7, 31
What are the prime factors of 68053?
68053
List the prime factors of 8633.
89, 97
List the prime factors of 4353.
3, 1451
List the prime factors of 148.
2, 37
List the prime factors of 7755.
3, 5, 11, 47
What are the prime factors of 11067?
3, 7, 17, 31
What are the prime factors of 28278?
2, 3, 1571
List the prime factors of 36027.
3, 4003
What are the prime factors of 6107?
31, 197
List the prime factors of 7686.
2, 3, 7, 61
List the prime factors of 2513.
7, 359
List the prime factors of 21289.
61, 349
List the prime factors of 125812.
2, 71, 443
What are the prime factors of 11064?
2, 3, 461
What are the prime factors of 43747?
11, 41, 97
List the prime factors of 1079.
13, 83
List the prime factors of 40074.
2, 3, 6679
List the prime factors of 25860.
2, 3, 5, 431
What are the prime factors of 1024?
2
List the prime factors of 22826.
2, 101, 113
What are the prime factors of 91964?
2, 83, 277
List the prime factors of 2550.
2, 3, 5, 17
List the prime factors of 5350.
2, 5, 107
What are the prime factors of 20419?
7, 2917
What are the prime factors of 10924?
2, 2731
What are the prime factors of 30149?
7, 59, 73
List the prime factors of 20194.
2, 23, 439
What are the prime factors of 33242?
2, 11, 1511
What are the prime factors of 4054?
2, 2027
List the prime factors of 12682.
2, 17, 373
List the prime factors of 6146.
2, 7, 439
What are the prime factors of 3912?
2, 3, 163
List the prime factors of 1511.
1511
List the prime factors of 132873.
3, 13, 3407
What are the prime factors of 17741?
113, 157
What are the prime factors of 25902?
2, 3, 1439
List the prime factors of 15502.
2, 23, 337
List the prime factors of 5871.
3, 19, 103
List the prime factors of 5225.
5, 11, 19
List the prime factors of 106938.
2, 3, 13, 457
What are the prime factors of 3717?
3, 7, 59
List the prime factors of 8183.
7, 167
What are the prime factors of 34845?
3, 5, 23, 101
List the prime factors of 92445.
3, 5, 6163
What are the prime factors of 5352?
2, 3, 223
What are the prime factors of 27823?
27823
List the prime factors of 3294.
2, 3, 61
List the prime factors of 27033.
3, 9011
What are the prime factors of 2108?
2, 17, 31
What are the prime factors of 4750?
2, 5, 19
List the prime factors of 1225.
5, 7
List the prime factors of 3685.
5, 11, 67
List the prime factors of 110.
2, 5, 11
What are the prime factors of 11304?
2, 3, 157
What are the prime factors of 11313?
3, 419
What are the prime factors of 3362?
2, 41
List the prime factors of 2358.
2, 3, 131
List the prime factors of 41424.
2, 3, 863
What are the prime factors of 217?
7, 31
List the prime factors of 79195.
5, 47, 337
What are the prime factors of 2827?
11, 257
List the prime factors of 1130.
2, 5, 113
List the prime factors of 31272.
2, 3, 1303
What are the prime factors of 1075?
5, 43
What are the prime factors of 604?
2, 151
What are the prime factors of 143?
11, 13
What are the prime factors of 1733?
1733
List the prime factors of 4579.
19, 241
What are the prime factors of 2395?
5, 479
List the prime factors of 3346.
2, 7, 239
What are the prime factors of 4242?
2, 3, 7, 101
List the prime factors of 33513.
3, 11171
What are the prime factors of 494?
2, 13, 19
List the prime factors of 33553.
13, 29, 89
What are the prime factors of 1565?
5, 313
What are the prime factors of 147746?
2, 31, 2383
List the prime factors of 65.
5, 13
List the prime factors of 2808.
2, 3, 13
List the prime factors of 3562.
2, 13, 137
What are the prime factors of 79618?
2, 7, 11, 47
List the prime factors of 8568.
2, 3, 7, 17
What are the prime factors of 20811?
3, 7, 991
What are the prime factors of 25453?
25453
What are the prime factors of 1656?
2, 3, 23
What are the